b + 168 = 3*m. Let x = -29 + m. What is the tens digit of x?
3
Suppose 2*n = 2 + 8. Suppose -22 = -n*h + 3. Suppose 2*b = -2*s - 0*s + 6, -1 = b + h*s. What is the units digit of b?
4
Suppose -2*a - 2*u = u - 17, -4*a - 2*u + 14 = 0. Let w = 1 - a. Suppose 6*m - 2*m - 28 = w. What is the units digit of m?
7
Let d = 254 - 151. What is the tens digit of d?
0
Let s = -4 + 6. Suppose -6*x + 7*x = s. What is the units digit of x?
2
Let n = 0 - -3. Suppose -5*w = -5*r - 20, 2*w - 20 = n*r + 2*r. Suppose -3*p + 4*p - 3 = w. What is the units digit of p?
3
Suppose -2*g - 2*g = -20. Let k(u) = u. What is the units digit of k(g)?
5
Let f(j) = -j**2 + 2*j + 90. What is the tens digit of f(0)?
9
Let o(x) = 17*x - 7. Suppose 0 = -3*t + 4*z + 13, 5*z = 2*t - 0*z - 11. What is the tens digit of o(t)?
4
Suppose -6 = 3*w - 2*o + 2, -o = -4*w - 4. Let p(z) = -z - 2. Let t be p(w). What is the units digit of (-18)/(-4) - 1/t?
5
Let h be (2/(-3))/(2/6). Let d be ((-1)/(-3))/(h/(-18)). Suppose -14 = -2*p - f - d*f, -4*f - 1 = -p. What is the units digit of p?
5
Suppose -2*m + 15 = 3*m. Suppose -2*c = -0*c + 4*o - 28, -4*c + 34 = -m*o. What is the tens digit of c?
1
Suppose -5*h + 4*h = 2*k - 16, -28 = -4*k - 3*h. Let g = 13 - k. What is the units digit of g?
3
Suppose -4*b = -6*b - 6. What is the units digit of 6 - (b/3 + 4)?
3
Suppose -72 + 22 = -5*a. What is the tens digit of (-6 + a)/((-1)/(-4))?
1
Suppose 0 = 3*j, 0 = v + 2*v + j. Suppose -n - 3*n = v. Suppose 2*b - d - 20 = -2*b, 2*d - 8 = n. What is the units digit of b?
6
Let g be 1*12/(6/(-2)). What is the units digit of ((-6)/5)/(g/10)?
3
Suppose 8*t - 5*t - 282 = 0. What is the tens digit of t?
9
Let b = 27 + -22. Suppose b*u - 61 = 164. What is the tens digit of u?
4
Let v = 86 + -4. What is the tens digit of v?
8
Let s(k) = -k. Let w be s(-3). Suppose 5*m - t = w*t + 22, 4*m = 3*t + 18. What is the units digit of m?
6
What is the units digit of (-4656)/36*(-6)/8?
7
Suppose l = 6 + 16. What is the tens digit of l?
2
Suppose -d = -6 + 1. Let l = -26 - -37. Let i = d + l. What is the units digit of i?
6
Let t(x) = -x + 33. What is the tens digit of t(7)?
2
Let o = 20 - 23. Let l(h) = 6*h**2 + h - 7. What is the units digit of l(o)?
4
Let s = -6 - 0. Let v(z) = -z**3 - 6*z**2 - 4*z - 8. What is the tens digit of v(s)?
1
Suppose i = -3*i - 2*n - 84, -n + 24 = -i. What is the units digit of 2*-1 + i/(-2)?
9
Suppose r = -r + 56. What is the tens digit of r?
2
Let f(v) be the second derivative of 0 + 1/20*v**5 - 2/3*v**4 + 1/3*v**3 + 3*v - 1/2*v**2. What is the units digit of f(8)?
5
Let f(b) = 10*b - 3 + 1 - 7*b. What is the units digit of f(4)?
0
What is the units digit of (2/4)/(-3*3/(-414))?
3
Let a = -12 + 7. Let j(v) be the third derivative of -v**6/120 - v**5/10 - v**4/3 - 7*v**3/6 + 2*v**2. What is the units digit of j(a)?
8
Suppose 2*t - 44 = -4*y + 52, -5*y = 2*t - 118. What is the units digit of (-2)/(-8) + y/8?
3
Let j(x) = 10*x**3 + 2*x**2 - 5*x + 4. What is the tens digit of j(2)?
8
Let d(w) = 22*w**2 + w - 2. Let q be d(1). What is the units digit of (-2)/(-6) + 686/q?
3
Let v = -161 - -457. What is the hundreds digit of v?
2
Suppose -2*r = 3*r + 4*a - 143, 4*r - 5*a = 98. What is the tens digit of r?
2
Suppose 3*x + 0*x = 2*q + 18, 2*q - 10 = -4*x. Let v be (-4)/(q/(-12)*-2). Suppose v - 44 = -3*s. What is the units digit of s?
2
Suppose -a - 5*w - 13 = -4, w - 51 = -5*a. Suppose -5*t + 73 = -17. Let h = t - a. What is the units digit of h?
7
Let t(w) = 9*w**2 + 3*w - 1. Let c(o) = 46*o**2 + 16*o - 6. Let y(d) = -3*c(d) + 16*t(d). What is the units digit of y(-2)?
6
Let g(h) = 25*h**2 + h - 2. What is the units digit of g(1)?
4
Let x(b) = 3*b**3 - 2*b**2 - 11*b + 26. What is the tens digit of x(4)?
4
Suppose 4 = -t - 2. What is the units digit of (-6 - -7)/((-2)/t)?
3
Suppose 5*g - 266 = -36. What is the units digit of g?
6
Suppose -1 = -3*w - 19. Let k be (3 - (2 - w)) + -2. Let s = k + 11. What is the units digit of s?
4
Let i(s) = s**2 - s + 19. Let d be i(0). Let l = -7 + d. What is the units digit of l?
2
Suppose 0*q = 2*q - 4*j - 10, -q - 4*j - 1 = 0. Let z(h) = 29*h + 14 + h**q - 29*h. What is the units digit of z(0)?
4
Let x(o) = -57*o. Let a be x(-1). Suppose 3*z - a = -0*z. What is the units digit of z?
9
Let i(l) = -l**2 - 13*l - 15. What is the units digit of i(-10)?
5
Let v(j) = -j**3 - j**2 - j + 3. Let k be v(0). Suppose g + 1 - 9 = -k*z, -3*g + 16 = 5*z. Suppose y + g*y = 24. What is the units digit of y?
8
Let b(w) = -w - 8. Let t be b(-8). Let m = t + 32. What is the units digit of m?
2
Let z = 4 + -2. Let g(t) = t**3 - t**2 + t + 1. Let a(d) = 4*d**3 - 8*d**2 + 7*d + 1. Let l(c) = -a(c) + 3*g(c). What is the units digit of l(z)?
6
Let y = -10 + 10. Let m be (-1 + (-2)/(-3))*3. Let f = y - m. What is the units digit of f?
1
Suppose 2*d + 2*d = -64. Let n = d + 22. What is the units digit of n?
6
Let f be (-8)/(-6)*(-5 - -29). Let l be f/5 + 2/(-5). Suppose -l = -3*w + w. What is the units digit of w?
3
Suppose -5*x = -13 - 7. Suppose -x*p + 4 = -0. What is the units digit of p?
1
Let l(p) be the second derivative of -p**3/2 + 2*p**2 + 3*p. What is the tens digit of l(-4)?
1
Suppose 5*n + 5*b + 2 = -48, 5*n + 20 = 5*b. What is the units digit of (n/3)/(2/(-6))?
7
Let g = 151 - 75. What is the tens digit of g?
7
Let s(f) = -3 - 1 - f**3 + 0 - 6*f - 5*f**2. Let n be s(-5). What is the units digit of (-1)/(-3) - n/(-3)?
9
Let o = -2 + 4. Let a = 27 - o. What is the tens digit of a?
2
Let g be (7/(-3))/((-2)/6). Suppose 0 = g*q - 2*q + 10. Let y = q + 13. What is the units digit of y?
1
What is the tens digit of 69/(-92) - 662/(-8)?
8
Let h be (1 - -3)*-2 + -1. Let o = h - -17. What is the units digit of o?
8
Let f(i) = -2*i**3 - 4*i**2 - 2*i + 2. Let w be f(-2). Suppose z + w = 2*z. What is the units digit of z?
6
What is the tens digit of 392/(-21)*18/(-4)?
8
Let q = 1 + 11. What is the tens digit of q?
1
Let q = -21 + 47. What is the units digit of q?
6
Let y be (-12)/16 - (-23)/4. Suppose -73 = -y*u + 77. Let g = u - 21. What is the units digit of g?
9
Let z(a) = a**2 - 7*a + 3. Let o be z(7). Let q(k) = o*k + 0*k - 2*k**2 + k**3 - 4*k**2 - 8 + 0*k**2. What is the units digit of q(6)?
0
Let f(d) = -8*d**3 + 6*d**2 - 5*d + 4. Let o(h) = h**2 - h + 1. Let z(w) = f(w) - 5*o(w). What is the units digit of z(-1)?
8
Let p(b) = 2*b + 6. Let u be p(-5). Suppose f - 3*n - 6 = 0, -5*f - 30 = 7*n - 2*n. Let d = f - u. What is the units digit of d?
1
Let h(x) = x**2 - 2*x - 2. Let b be h(7). Suppose -q = -5*o + 39, -3*o + 4*q = q - b. What is the units digit of o?
7
Suppose 2*p + d = 2*d + 291, 579 = 4*p - d. What is the tens digit of p?
4
Let n = -11 - -29. What is the tens digit of n?
1
Suppose 2*x = -8, 2*x + 0*x = -3*w + 4. Suppose -4*u = -5*i + 16, i - 2*i + 6 = 2*u. Let q = w + u. What is the units digit of q?
5
Suppose 0 = a - 6*a + 210. What is the units digit of a?
2
Suppose -3*f + 30 - 6 = 0. What is the units digit of ((-16)/(-6))/(f/36)?
2
Suppose 0 = m + 3*g - 22, -2*m = -3*m - g + 20. What is the tens digit of m?
1
Suppose l + f - 6 = 0, -l + f + 6 = -10. Suppose 3*k + 9 = 30. Let z = l - k. What is the units digit of z?
4
Let h(m) = m**3 - 8*m**2 + 4. Let f be h(8). Let v(c) = -c**2 + 6*c - 3. What is the units digit of v(f)?
5
Let z(i) = -20*i + 1. What is the hundreds digit of z(-6)?
1
Suppose 0 + 20 = 5*o, -2*d - 2*o = -14. Suppose -d*n + 0 + 3 = 0. What is the units digit of n?
1
Suppose -j + 80 = 4*j. What is the tens digit of j?
1
Let f = -81 + 32. Let y = -28 - f. What is the units digit of y?
1
Let b be (2 - -37)*(-1)/(-3). What is the units digit of 0/(-10) + 3*b?
9
Let p = 4 + 30. What is the tens digit of p?
3
Suppose 0*s - 2*s + 11 = -a, -3 = a. What is the units digit of s?
4
Let f = 45 + -16. Let p = 48 - f. What is the tens digit of p?
1
Suppose 5*t + 4*m + 12 = 0, 2*t + 3*m = -3*t - 9. What is the tens digit of (t + 1)/(-1) + 17?
1
Suppose 4*z + 12 = -4*m, -6*m - 4*z - 4 = -3*m. Let q(h) = -6*h - 19. What is the tens digit of q(m)?
2
Let u = 6 + 30. What is the tens digit of u?
3
Suppose 4*h - h + j = 439, -3*j + 288 = 2*h. What is the units digit of h?
7
Suppose -2*u - 2 = -u, q + 6 = u. Let c = q + 8. Suppose c = w - 4. What is the units digit of w?
4
